 Calculate the greatest common divisor of w and h.
9
Suppose 0 = 2*j + 2*r - 6*r, -5*r = 4*j. Suppose 3*a - 5*i = 351, 4*i - 11 - 1 = j. Let p = 173 - a. What is the highest common factor of 17 and p?
17
Suppose -5*m = 0, -m = 3*u + m - 120. Let y = 31 - 19. Suppose 5*p - 9*q - 20 = -8*q, 3*p - y = q. What is the highest common divisor of u and p?
4
Let d be (-9)/(-3) + (-1)/1 - -214. What is the highest common divisor of 24 and d?
24
Let b be -35 + 193 - 3/((-6)/4). Let a = -3 + 19. What is the greatest common divisor of a and b?
16
Let m = -56 - -62. Let w(t) = t**3 - 6*t**2 + 2*t - 6. Let o be w(m). Let a = 42 + -24. Calculate the highest common factor of a and o.
6
Suppose -6*u + 1885 - 277 = 0. What is the greatest common divisor of 201 and u?
67
Let h = 1292 - 1259. What is the highest common factor of h and 27?
3
Let k = -50 + 102. Calculate the highest common divisor of k and 260.
52
Let m be (24/14)/(2/7). Suppose 0 = 3*k - m*k + 33. Let x be (-2982)/(-54) - (-2)/(-9). Calculate the greatest common factor of k and x.
11
Suppose -3*w = -0*w - 45. Suppose -u + 2*u = -3*q + 409, 0 = -5*q - 4*u + 691. Let k = q + -60. Calculate the highest common divisor of w and k.
15
Suppose 329*w - 324*w - 930 = 0. What is the highest common divisor of w and 62?
62
Let q(i) = 4*i**2 - 6*i + 9. Let l be ((-6)/5)/(2/(-5)). Let y be q(l). What is the highest common factor of y and 243?
27
Suppose -3*f - 6 = 0, 139 = 5*z - 3*f - 347. Suppose -l - 3*l = -144. Calculate the greatest common factor of z and l.
12
Suppose -2*i = 6*i + 24. Let b be (8 - 1)*(26 + i). What is the highest common divisor of 23 and b?
23
Suppose 3*y - 77 - 1 = 0. Suppose -y = -2*w - 5*s - 8, 2*w + s = 10. Calculate the greatest common divisor of w and 6.
2
Let c(n) = 30*n**2 - n - 2. Let y be c(-2). Let z(m) = 3*m - 8. Let t be z(4). Suppose -w - t*w = -y. Calculate the highest common factor of w and 36.
12
Let l be (72/48)/((-71)/36 - -2). Calculate the highest common divisor of 432 and l.
54
Suppose 0 = -5*q + 6*q - 14. Suppose x - 5*x + 8 = 0. Suppose -2*p + 27 = -3*o, x*p + 28 - 80 = -2*o. What is the highest common divisor of q and p?
7
Let k be 50 + 3 + 2 - 1. Suppose z + k = 10*z. Calculate the highest common divisor of z and 66.
6
Suppose -25*l - 237 = -26*l. Let z = l - -43. What is the greatest common factor of z and 40?
40
Let h = 42 + -27. Suppose -6*x + 3*x - 5*g + 405 = 0, 3*x + 4*g = 405. Calculate the highest common divisor of h and x.
15
Suppose -5*t = -925 - 90. Calculate the greatest common factor of 58 and t.
29
Let y(p) = -5 + p**3 + 4*p + 14*p**2 - 6*p**2 - 10. Let b be y(-7). Calculate the greatest common factor of 48 and b.
6
Let m = 18 - 11. Suppose m*v + 10 = 2*v. Let w be ((-112)/(-20))/(v/(-35)). Calculate the greatest common divisor of w and 14.
14
Let x be 0*(-8)/(-2)*(-7)/(-28). Suppose x = 13*g - 3*g - 190. What is the highest common divisor of 95 and g?
19
Let a(y) = y + 18. Let x = 34 - 41. Let o be a(x). Calculate the highest common factor of o and 11.
11
Suppose -5*c + 0 = -2*f - 27, -20 = -5*f. Suppose 16 + 40 = -c*s. Let l(p) = p**2 + 6*p - 8. Let r be l(s). Calculate the highest common divisor of 40 and r.
8
Let u be 10/(-1) - (12 - 60). Calculate the highest common factor of u and 380.
38
Suppose -7*f = -88 - 164. Suppose -5*x + 12 = -4*x. What is the highest common divisor of x and f?
12
Suppose 0 = 2*i - 3*d - 44, -5*i + 56 = 3*d - 54. Let r(q) = -19*q - 7. Let v be r(-5). Calculate the greatest common divisor of v and i.
22
Let j be ((-12)/9)/((-10)/105). Let v(w) = w**3 + w**2 + 2*w + 1. Let r be v(2). Suppose 158 = 5*i - r. Calculate the greatest common divisor of i and j.
7
Let b = -19 + 23. Suppose b*a = 4 + 8. Suppose -5*z + 49 - 198 = -2*i, -a*z + 15 = 0. Calculate the greatest common divisor of i and 29.
29
Let v(a) = 35*a**3 + a**2 - a + 1. Let i be v(1). Suppose -4*d = -3*d - 20. Let m = 24 - d. Calculate the highest common divisor of m and i.
4
Suppose 6*t - 487 = -7. What is the greatest common factor of 2160 and t?
80
Suppose 5*p + 3*y = 1092, -5*p - 4*y + 1104 = 8. Suppose 4*s - p = 24. Calculate the highest common factor of 15 and s.
15
Let p = 19 - 5. Suppose 2*q = 4*q. Let a(r) = r + 21. Let n be a(q). What is the highest common factor of p and n?
7
Let u be (-24)/20*(-2020)/6. Suppose -u + 1178 = 6*i. Let c = i + -66. Calculate the greatest common divisor of 7 and c.
7
Suppose 3*m - 5*z - 626 = 686, 0 = -5*m + 5*z + 2180. Calculate the greatest common divisor of 28 and m.
14
Let h be ((-60)/105)/(2*(-2)/14). Suppose -h*u = -3*v + 7, 2*u - 5*u = 5*v - 37. Calculate the highest common divisor of 20 and v.
5
Let l(c) = -c**3 - 17*c**2 - 45*c + 2. Let i be l(-14). What is the highest common factor of 484 and i?
44
Let s = 990 - 566. What is the highest common divisor of 8 and s?
8
Let r be (542/(-4))/((-2)/56). Suppose -5*o = 2*o + r. Let s be 2/(-9) + o/(-9). Calculate the highest common divisor of s and 24.
12
Let x be (10/(-4) - -2)*-28. Suppose 2*s - 9 = 3*o - 2, -11 = -3*s + 5*o. What is the highest common factor of s and x?
2
Let q(x) = -x**3 + 14*x**2 - 2*x + 30. Let s be q(14). Suppose -4*y - 281 = -3*h - 1127, -4*y + 836 = s*h. Calculate the greatest common divisor of y and 42.
42
Let y = 363 + -238. Calculate the greatest common factor of 25 and y.
25
Let x = 1565 - 1259. Calculate the greatest common divisor of 27 and x.
9
Suppose 6*b - 9*b - 21 = 0. Let n(j) = j + 14. Let t be n(b). Let l = 2 - 1. Calculate the highest common factor of l and t.
1
Let y = 3181 + -1823. What is the greatest common divisor of y and 14?
14
Suppose 4*o - 602 = -j, 0 = o + 2*o - 3*j - 459. Let u = o - 106. What is the highest common divisor of 9 and u?
9
Suppose -9 = -3*x + 5*r - 6*r, 7*x = 2*r + 21. Suppose -v + 2 = v. What is the highest common divisor of v and x?
1
Let c(y) = y + 44 - 7*y - 7*y + 11*y. Let x be c(6). Calculate the highest common divisor of x and 16.
16
Let a(s) = -11*s**3 - 1. Let l be a(-1). Let r = l - -2. Let n be ((-45)/6)/(r/(-16)). Calculate the highest common divisor of 4 and n.
2
Suppose -3*b - 2*b - 103 = -4*y, 0 = -3*y + 2*b + 79. Let n = -10 - -25. Let f be (n/(-5))/(2/(-6)). Calculate the highest common factor of f and y.
9
Suppose 0 = 31*n - 34*n + 606. Suppose -10*h + n = 12. Calculate the highest common divisor of h and 76.
19
Let j be ((-2)/3)/((-2)/30). Let r = 968 + -953. Calculate the greatest common divisor of j and r.
5
Let g be 40 - (2 - 0 - 8). What is the greatest common factor of 23 and g?
23
Let a(f) = 3*f**2 + 7*f + 7. Let h be (-1 - -2)/((-5)/(-3 + 68)). Let n be a(h). What is the highest common divisor of 47 and n?
47
Suppose -3*l + 3 = 3*q, -4*q + 18 = l - 4*l. Suppose 0 = -x + q*c + 43, -2*c - 1 = 4*x - 131. What is the greatest common divisor of 85 and x?
17
Suppose 0*p = -2*p - 8. Let g be 348/(-1) + (p - -2). Let d be g/(-15) + (-4)/(-6). Calculate the highest common factor of 192 and d.
24
Let j = -5 + 53. Suppose -1 + 25 = c. Calculate the greatest common factor of c and j.
24
Suppose -4*f - 11 = 3*k - 58, -f = -k - 17. Let r(b) = b**3 - 14*b**2 + 22. Let h be r(f). Calculate the greatest common factor of 2 and h.
2
Let u be 7/14 - (0 + 807/(-6)). Calculate the highest common factor of u and 5.
5
Let m(s) be the first derivative of -s**3/3 + 6*s**2 - 10*s + 33. Let j = 22 + -12. Let l be m(j). What is the greatest common divisor of 15 and l?
5
Suppose -l = -6*l + 385. Let n(a) = 4*a**2 - 22*a - 5. Let p be n(6). What is the greatest common factor of l and p?
7
Let i(d) be the third derivative of d**4/2 - 5*d**3/3 - d**2. Let w = -17 - -26. Let n be i(w). What is the greatest common divisor of n and 14?
14
Let h = 154 - 90. Let a(m) = m**2 + 2*m - 7. Let x be a(3). Calculate the greatest common divisor of h and x.
8
Let c be (-2240)/(-48)*372/10. Calculate the greatest common divisor of c and 7.
7
Let y = -67 - -76. Let s be (-3)/y - (-1 - (-170)/(-15)). Calculate the highest common divisor of 132 and s.
12
Suppose 3*b = -5*w + 811 + 1540, 0 = -5*b - 3*w + 3897. Suppose i - 5*d = 223, -4*d + d + b = 4*i. Calculate the highest common factor of i and 22.
22
Suppose -9 = -4*z + 19. Let m be 460/28 - 3/z. What is the greatest common divisor of m and 64?
16
Let f be -117*3*46/(-138). C